mon divisor of w and 4?
2
Let h = -13 + 21. Calculate the highest common factor of h and 4.
4
Let w(o) = -o**2 - o + 2. Let j be w(0). Let s be 177/2 - 1/j. Let h = 9 + -1. Calculate the greatest common divisor of s and h.
8
Let z(j) = 3*j**2 + j - 2. Let d be z(-3). What is the greatest common factor of d and 88?
22
Let b be 4 + 3/3 + -3. What is the highest common divisor of b and 5?
1
Let u(r) = -10*r + 3. Let s be u(2). Let h = -87 - -55. Let v = s - h. Calculate the highest common divisor of v and 105.
15
Suppose 4*l - 26 = 18. Suppose 90 = -6*g + l*g. Calculate the highest common divisor of 2 and g.
2
Let b = -13 - 4. Let p = b - -92. Calculate the highest common divisor of 25 and p.
25
Suppose 230 = 5*h + w, -2*w - 212 = -4*h - 42. Let x(p) = -p + 24. Let o be x(6). What is the greatest common divisor of o and h?
9
Let k be (36/3 - 1)*8/8. What is the highest common factor of 2 and k?
1
Suppose 14 = -2*x + 38. Suppose i = -i + 24. Calculate the greatest common factor of x and i.
12
Let g(h) = 2*h**3 - 2*h**2. Let j be g(2). Suppose -2*q - 16 = -4*q + 3*m, -2*q - 3*m - j = 0. Calculate the highest common factor of 22 and q.
2
Let y be 4 + 0 - -205 - 1. What is the highest common factor of 26 and y?
26
Let x be 29 + (0 - -1 - -2). What is the greatest common factor of 16 and x?
16
Suppose -5 = d - 105. Suppose -5*b - 90 = -4*z, 3*b - b - 4 = 0. Calculate the highest common divisor of z and d.
25
Suppose -5*s + 138 = -12. Suppose 4*m - s = -m. Suppose -5*n + 170 = 5*u, -5*u = -10*u + 2*n + 142. Calculate the greatest common factor of u and m.
6
Suppose 0 = -t + 7*t - 66. Suppose 0*h - 428 = -h. Suppose 4*q + 104 = 5*q + 2*v, -4*q + h = 4*v. Calculate the greatest common factor of q and t.
11
Suppose -u = -4*u + 33. What is the highest common factor of 11 and u?
11
Let u be 396/10 - (-6)/(-10). Suppose -2*l + u = l. What is the highest common factor of l and 91?
13
Let u = -28 + 39. Calculate the highest common divisor of u and 22.
11
Let h = 8 + -6. Suppose -h*y - 14 = -4*y. Calculate the greatest common divisor of y and 35.
7
Suppose -m = g - 94, 2*m - 227 = 4*g - 45. What is the greatest common factor of 62 and m?
31
Let b(g) = 3*g**2 - 1. Let s be b(2). Calculate the highest common divisor of s and 1.
1
Suppose 2*t = -4*f - f + 137, t = -5*f + 81. Let o(q) = q**2 + q - 5. Let z be o(-4). What is the greatest common divisor of t and z?
7
Suppose -s - 2*u + 28 = -7*u, -5*s = -4*u - 161. Let w be 147/14 + 2/4. What is the highest common factor of w and s?
11
Let s = 86 + -79. Suppose -2*v = -t + 5*t - 32, -2*t = 5*v - 24. Calculate the greatest common divisor of s and t.
7
Let t = -42 - -122. What is the highest common factor of 20 and t?
20
Let u(a) = 51*a**2 - a. Let j be u(1). Let r = j - 16. What is the greatest common divisor of 85 and r?
17
Let r = 65 + -38. Calculate the highest common divisor of r and 54.
27
Let i = 4 - 1. Let s be (-4)/34 + 6/51. Suppose -i*q + 6 = -s. What is the greatest common divisor of 10 and q?
2
Let i(c) = c**3 - 13*c**2 - 13*c + 20. Let r = 26 + -12. Let v be i(r). Calculate the greatest common divisor of v and 17.
17
Let t = 23 + -3. What is the highest common divisor of 40 and t?
20
Let c(z) = z**3 - 9*z**2 + z - 7. Suppose -2*v = j - 3*v - 7, 5*j - 51 = -3*v. Let b be c(j). Calculate the greatest common factor of 3 and b.
1
Let s = -5 + 8. Calculate the greatest common factor of 9 and s.
3
Suppose -r + 5 = u, 3*u + r = -3*r + 17. Calculate the highest common divisor of u and 9.
3
Let m be -1*(0 + -1*120). Suppose -5*x = -5*l + 46 + 34, -3*l + 42 = 3*x. What is the greatest common divisor of m and l?
15
Let i be 2/((-6)/(-69) - 0). Suppose u + 7 = 19. Let x be -21*46/u*-2. Calculate the highest common divisor of i and x.
23
Suppose -3*n + 24 = 3*k, 1 = -n + 2*n. Let p = k - -5. Calculate the greatest common divisor of 132 and p.
12
Let t(s) = -4*s + 10. Let y be t(-5). Let o be 6/(-2) + -12 + y. What is the highest common divisor of 5 and o?
5
Let k(j) = -j - 1. Let f be k(-6). Suppose -14*c + 11*c = -87. Suppose -f*z = -26 - c. What is the highest common divisor of z and 1?
1
Let c be 2/6 + 3/(-9). Suppose 5*a - 20 = c, -3*n - a + 8 = -2. Suppose 0 = -n*g + 3*t + 7, -t - 3 = -2*t. What is the highest common divisor of g and 8?
8
Let s = 2 - -4. Suppose -2*c - 2 = -s. Let w be (5/(-10))/((-1)/6). What is the highest common divisor of c and w?
1
Let j = -12 + 16. What is the greatest common divisor of j and 1?
1
Let b(z) = -z**3 + 8*z**2 + 10*z. Let q be b(9). Calculate the greatest common divisor of 1 and q.
1
Let j be 28/36 - 4/(-18). Let w be j + (3 - 2)*2. Suppose 68 = w*t + t. Calculate the greatest common factor of 136 and t.
17
Let d = -620 + 872. Calculate the highest common divisor of 42 and d.
42
Let t = 92 - 65. Let x = 3 + t. Let u = 10 - 4. What is the highest common factor of x and u?
6
Suppose -5*w + 21 = 6. Let j be (-2)/4*0 - w. Let c be -1 - (j*10 - 3). What is the highest common factor of c and 4?
4
Let d be (-142)/(-10) - (-2)/(-10). Let n(f) = -f**3 - 2*f**2 - 2*f - 2. Suppose 5*o = -10 - 20. Let p be n(o). Calculate the highest common factor of d and p.
14
Suppose -6 = -5*q + 14. Suppose 3*k - 60 = -2*k. What is the greatest common factor of q and k?
4
Suppose -4 = 3*m - 4*o, 2*m + 3*o = -2*m + 28. Let p be m*(-3 + 51/12). Calculate the highest common divisor of p and 40.
5
Let r = -23 + 35. What is the greatest common divisor of 12 and r?
12
Let y(u) = -22*u - 59. Let f(l) = 7*l + 20. Let i(n) = 17*f(n) + 6*y(n). Let a be i(-7). What is the greatest common divisor of a and 11?
11
Suppose 10 = g - 8. Calculate the greatest common divisor of 144 and g.
18
Suppose -2*i + 20 + 4 = 0. What is the greatest common factor of 24 and i?
12
Let r be 1*(0 - -3) - 18. Let x = -4 - r. Calculate the highest common factor of 11 and x.
11
Suppose 123 = -3*h - 0*h. Let n = h - -93. Calculate the highest common divisor of n and 13.
13
Let z be (56/35)/(4/10). Suppose 4*n - 5*n + z*i = -40, -124 = -4*n + 4*i. Suppose -m - m = -84. What is the greatest common factor of n and m?
14
Suppose -3*f + 64 = -f. Let t = 45 - 37. What is the highest common divisor of t and f?
8
Let v be (-10)/(-4)*(-36)/(-30). Let q be 331/3 - v/9. What is the highest common factor of q and 22?
22
Let h(f) = -2 + 3 - 2*f + f**2 - 47*f**3 + 201*f**3. Let l be h(1). Let v = 8 + 6. Calculate the greatest common factor of v and l.
14
Let d(f) = 64*f**2 - 1. Suppose s = 6*s + 5. Let t be d(s). Let l be (-44)/(-6) - 2/6. What is the greatest common divisor of t and l?
7
Suppose -3 = -3*r, 0*r = -3*v - 2*r + 122. Suppose f + 4*f - v = 0. Calculate the highest common factor of f and 8.
8
Let o = 34 - 58. Suppose 2*t - 132 - 154 = 0. Let n = t + o. Calculate the highest common divisor of n and 17.
17
Let f = 161 - 108. Suppose -1 = 2*r - f. Calculate the highest common divisor of r and 39.
13
Suppose -s - 112 = -n + 3*s, n = -5*s + 94. What is the highest common factor of 13 and n?
13
Let g be (28 + 3 + -3)/1. Suppose 6*m = 4*m + g. Calculate the greatest common factor of m and 14.
14
Suppose 1 - 73 = -3*f. Suppose p = 4*g + f, p = -g + 6*g + 30. Let z = g + 26. Calculate the highest common divisor of 5 and z.
5
Suppose -5*g + 27 = 4*h, 3*h + 5 = g + 49. Calculate the greatest common divisor of 1 and h.
1
Suppose -2*s + 4 = -4*r, -2*s + 3 = 2*r - 1. Let k be 2/s + 214/2. Calculate the greatest common factor of k and 12.
12
Suppose -v + 6 = -4*w, -2*w = 4*v - v - 32. Let m(a) = -2*a**3 - 2*a. Let r be m(-2). Calculate the highest common divisor of v and r.
10
Let v(p) = p**2 - p - 9. Let o be v(-5). What is the greatest common divisor of 7 and o?
7
Suppose -3*m - 3*u + 7*u = -18, 4*u = -4*m - 4. Suppose 2*o - m = 2. Let s be o*(1 + (-50)/(-4)). Calculate the highest common divisor of s and 9.
9
Suppose f - 17 = -t, -3*f + 103 = 5*t - 7*f. Let x(r) = 8*r**2 + 2*r - 3. Let s be x(4). Calculate the greatest common divisor of t and s.
19
Suppose 0 = -2*s + 3 + 1. What is the greatest common divisor of 22 and s?
2
Let m = -56 - -68. Calculate the highest common divisor of m and 18.
6
Let r = 21 + 1. Let o(z) = z**2 + 8*z + 2. Let s be o(-9). Calculate the greatest common divisor of s and r.
11
Let d = 41 - 28. Calculate the highest common